{"id":387,"date":"2018-10-02T20:32:14","date_gmt":"2018-10-02T18:32:14","guid":{"rendered":"http:\/\/www.bernbasketball.ch\/?page_id=387"},"modified":"2022-01-19T07:08:28","modified_gmt":"2022-01-19T06:08:28","slug":"archiv","status":"publish","type":"page","link":"https:\/\/bernbasketball.ch\/?page_id=387","title":{"rendered":"Archives"},"content":{"rendered":"<hr \/>\n<h3>2020-2021<\/h3>\n<hr \/>\n<p><a href=\"https:\/\/bernbasketball.ch\/wp-content\/uploads\/2021-08-26_Protokoll-DV-BernBasketball.pdf\" target=\"_blank\" rel=\"noopener noreferrer\">PV Assembl\u00e9e des pr\u00e9sidents Bernbaskeball 2020-2021<\/a><\/p>\n<p><a href=\"https:\/\/bernbasketball.ch\/wp-content\/uploads\/2021-09-25_Protokoll-GV-der-Schiedsrichter.pdf\" target=\"_blank\" rel=\"noreferrer noopener\" data-rich-text-format-boundary=\"true\">PV Assembl\u00e9e des arbitres 2020-2021<\/a><\/p>\n<h3>2019-2020<\/h3>\n<hr \/>\n<p><a href=\"https:\/\/www.bernbasketball.ch\/wp-content\/uploads\/200828-.-PV-AG-2019-2020.pdf\" target=\"_blank\" rel=\"noopener noreferrer\">PV Assembl\u00e9e des pr\u00e9sidents Bernbaskeball 2019-2020<\/a><\/p>\n<p><a href=\"https:\/\/www.bernbasketball.ch\/wp-content\/uploads\/PV-arbitres-19-20.docx\" target=\"_blank\" rel=\"noreferrer noopener\" data-rich-text-format-boundary=\"true\">PV assembl\u00e9e des arbitres 2019-2020<\/a><\/p>\n<h3>2018-2019<\/h3>\n<hr \/>\n<p><a href=\"https:\/\/www.bernbasketball.ch\/wp-content\/uploads\/190625_PV_AGP_Bernbasketball.pdf\">PV Assembl\u00e9e des pr\u00e9sidents Bernbaskeball 2018-2019<\/a><\/p>\n<p><a href=\"https:\/\/www.bernbasketball.ch\/wp-content\/uploads\/190525_PV_AGD_Swissbasketball.pdf\">PV Assembl\u00e9e g\u00e9n\u00e9rale des d\u00e9l\u00e9gu\u00e9s \u00e0 Swissbasket<\/a><\/p>\n<h3>2017-2018<\/h3>\n<hr \/>\n<p><a href=\"http:\/\/www.bernbasketball.ch\/wp-content\/uploads\/2018\/10\/180615-PV_assemblee_presidents.pdf\" target=\"_blank\" rel=\"noopener noreferrer\">PV assembl\u00e9e des pr\u00e9sidents<\/a><\/p>\n<p><a href=\"http:\/\/www.bernbasketball.ch\/wp-content\/uploads\/2018\/10\/180531-Jahresbericht_2017-18.pdf\" target=\"_blank\" rel=\"noopener noreferrer\">Rapport annuel du pr\u00e9sident<\/a><\/p>\n<p><a href=\"http:\/\/www.bernbasketball.ch\/wp-content\/uploads\/2018\/10\/180625-Rapport_arbitres.pdf\" target=\"_blank\" rel=\"noopener noreferrer\">Rapport du directeur r\u00e9gional \u00e0 l&rsquo;arbitrage<\/a><\/p>\n<hr \/>\n<h3>2016-2017<\/h3>\n<hr \/>\n<p><a href=\"https:\/\/www.bernbasketball.ch\/wp-content\/uploads\/170629_PV_AGP_Bernbasketball.pdf\">PV assembl\u00e9e des pr\u00e9sidents<\/a><\/p>\n<p><a href=\"https:\/\/www.bernbasketball.ch\/wp-content\/uploads\/Jahresbericht-des-Pr\u00e4sidenten-2016-2017.pdf\">Jahresbericht des Pr\u00e4sidenten 2016-2017<\/a><\/p>\n<hr \/>\n<h3>2015-2016<\/h3>\n<hr \/>\n<p><a href=\"https:\/\/www.bernbasketball.ch\/wp-content\/uploads\/160616_PV_AGP_Bernbasketball.pdf\">PV assembl\u00e9e des pr\u00e9sidents<\/a><\/p>\n","protected":false},"excerpt":{"rendered":"<p>2020-2021 PV Assembl\u00e9e des pr\u00e9sidents Bernbaskeball 2020-2021 PV Assembl\u00e9e des arbitres 2020-2021 2019-2020 PV Assembl\u00e9e des pr\u00e9sidents Bernbaskeball 2019-2020 PV assembl\u00e9e des arbitres 2019-2020 2018-2019 PV Assembl\u00e9e des pr\u00e9sidents Bernbaskeball 2018-2019 PV Assembl\u00e9e g\u00e9n\u00e9rale des d\u00e9l\u00e9gu\u00e9s \u00e0 Swissbasket 2017-2018 PV assembl\u00e9e des pr\u00e9sidents Rapport annuel du pr\u00e9sident Rapport du directeur r\u00e9gional \u00e0 l&rsquo;arbitrage 2016-2017 PV [&hellip;]<\/p>\n","protected":false},"author":1,"featured_media":0,"parent":37,"menu_order":0,"comment_status":"closed","ping_status":"closed","template":"template-fullwidth.php","meta":{"footnotes":""},"class_list":["post-387","page","type-page","status-publish","hentry"],"_links":{"self":[{"href":"https:\/\/bernbasketball.ch\/index.php?rest_route=\/wp\/v2\/pages\/387","targetHints":{"allow":["GET"]}}],"collection":[{"href":"https:\/\/bernbasketball.ch\/index.php?rest_route=\/wp\/v2\/pages"}],"about":[{"href":"https:\/\/bernbasketball.ch\/index.php?rest_route=\/wp\/v2\/types\/page"}],"author":[{"embeddable":true,"href":"https:\/\/bernbasketball.ch\/index.php?rest_route=\/wp\/v2\/users\/1"}],"replies":[{"embeddable":true,"href":"https:\/\/bernbasketball.ch\/index.php?rest_route=%2Fwp%2Fv2%2Fcomments&post=387"}],"version-history":[{"count":13,"href":"https:\/\/bernbasketball.ch\/index.php?rest_route=\/wp\/v2\/pages\/387\/revisions"}],"predecessor-version":[{"id":1020,"href":"https:\/\/bernbasketball.ch\/index.php?rest_route=\/wp\/v2\/pages\/387\/revisions\/1020"}],"up":[{"embeddable":true,"href":"https:\/\/bernbasketball.ch\/index.php?rest_route=\/wp\/v2\/pages\/37"}],"wp:attachment":[{"href":"https:\/\/bernbasketball.ch\/index.php?rest_route=%2Fwp%2Fv2%2Fmedia&parent=387"}],"curies":[{"name":"wp","href":"https:\/\/api.w.org\/{rel}","templated":true}]}}